.
18
Let y be (52/12 + -2)*-6. Let w = y + 13. Let h be -2 + 19 + w + 2. Calculate the highest common divisor of h and 18.
18
Let t be 36/21*((-8400)/(-45))/16. Let k be 1/4 + 141/12. What is the greatest common divisor of t and k?
4
Let h(u) = -u**3 + 7*u**2 - 7*u. Let a be h(6). Let r be 54*(-4 + 8*-1). Let d be (r/(-63))/(a/(-56)). What is the highest common divisor of 12 and d?
12
Let y(w) = -w**2 - 11*w + 9. Let a be y(-6). Let g be 12 - 0 - a/(-13). Calculate the highest common divisor of g and 15.
15
Suppose 10*s - 7*s = 9. Suppose s*y - 73 = 137. Calculate the greatest common divisor of 20 and y.
10
Let q = 1098 - 1085. Suppose 2*u + 3*h = 2*h + 152, -h = -4*u + 316. Suppose -3*n + u = -n. What is the greatest common divisor of q and n?
13
Suppose -210*h = -206*h - 360. Calculate the greatest common factor of 63 and h.
9
Let s(p) = -p**2 + 19*p - 86. Let f be s(8). Calculate the highest common factor of 26 and f.
2
Let u = 1 + 1. Let z(o) = -o**3 + 4*o**2 - 4*o + 3. Let b be z(u). Let d be 40/25 + 2/5. What is the highest common factor of d and b?
1
Let x(n) = 6*n**2. Let s be x(-2). What is the greatest common divisor of 48 and s?
24
Let m be 201/9 + 12/18. Let a(h) = h**2 - 23*h + 26. Let q be a(m). Calculate the greatest common factor of q and 91.
13
Let o(n) = n**2 + 2*n. Let x be o(-2). Let g = 43 + -40. Suppose -2*r - g*r - y + 356 = x, -4*y = -2*r + 160. Calculate the greatest common factor of 8 and r.
8
Suppose 14 = -2*g + 36. Let n = -2026 + 2070. What is the highest common divisor of n and g?
11
Suppose 0*h - 5*h + 145 = 5*q, -5*q + 4*h + 109 = 0. Calculate the highest common divisor of 750 and q.
25
Let d(l) = -l + 3. Let u be d(3). Let q(b) = u*b - b + 3 + 3*b - b. Let m be q(3). What is the highest common divisor of 54 and m?
6
Suppose -3*k - 50 + 227 = 3*n, -k + 4*n + 64 = 0. Let q be k/4*7/(105/12). What is the highest common factor of q and 12?
12
Let s = 571 - 407. Let z be -102 + (-2)/(-1) + 4. Let o = s + z. Calculate the greatest common divisor of o and 17.
17
Let j = 5 - 2. Let b(m) = -m + 1. Let w be b(j). Let g be (-1 + -4)*4/w. What is the greatest common divisor of g and 70?
10
Let s be 1 - (-65)/15 - 2/6. Suppose -2*h + 46 = -h + 5*l, s*h - 3*l - 90 = 0. What is the highest common factor of 84 and h?
21
Suppose 3*q = -2 - 115. Let k be 6/(-4)*1430/q. Calculate the highest common factor of 5 and k.
5
Let i = 43 + 7. Let t(l) = 50*l + 625. Let d be t(-12). What is the greatest common factor of i and d?
25
Let j(q) = 3*q + 6. Let p be j(3). Let y be 1059/p - 6/10. Calculate the highest common divisor of 7 and y.
7
Let d = 5 + -4. Let j be ((-2)/(-3))/(d/84). Calculate the highest common divisor of j and 280.
56
Suppose -8*u + 665 = 11*u. What is the highest common factor of 203 and u?
7
Let u be 6 + 3/(-3) - 11. Let y be (-2 - u) + 44 - (-1 + 5). Let m be (11/4)/((-2)/(-8)). What is the greatest common factor of y and m?
11
Let f = 1274 - 1242. What is the highest common divisor of f and 1136?
16
Suppose z - 260 = -2*h + 14, 0 = -5*h + 2*z + 667. Suppose y + 0*y = 15. What is the greatest common divisor of y and h?
15
Let t be (2 - 3)/((-2)/142). Suppose -7*z + 65 = x - 2*z, -x = -z - t. Let d be 2*65/10 - (2 - -1). Calculate the highest common factor of x and d.
10
Let l(k) = -k. Let f(t) = -2*t + 3. Suppose 8 = -9*u + 5*u. Let a(o) = u*f(o) + 2*l(o). Let z be a(11). Calculate the greatest common factor of z and 48.
16
Let k(l) = -l**2 - 3*l + 30. Let j be k(0). Calculate the highest common divisor of 130 and j.
10
Suppose -18*o = -14 - 256. What is the greatest common factor of 480 and o?
15
Let a = -1091 + 1371. What is the highest common divisor of 245 and a?
35
Let y = 703 - 238. Suppose -7*h + y + 585 = 0. What is the highest common factor of h and 60?
30
Let y(f) = f**2 + 15*f + 38. Let r be y(-13). Let o be (-7788)/(-54) - (-6)/(-27). What is the highest common factor of o and r?
12
Suppose -927*o = -928*o + 111. Calculate the greatest common factor of o and 9.
3
Suppose -4*t + f = 3*f - 282, 0 = -5*t - 5*f + 365. What is the greatest common factor of t and 612?
68
Let z(t) be the third derivative of t**4/8 - t**3 - t**2. Let i be z(4). Let v be i/(-39) + 847/13. Calculate the highest common factor of v and 26.
13
Let s be ((-20)/3)/((-14)/147). Calculate the greatest common divisor of 700 and s.
70
Let v be -3 - 0/(-2 + -2). Let u be (-13)/39 - 22/v. Calculate the greatest common factor of u and 1.
1
Let f be ((-3)/1)/(3/6). Let r be (-3)/f + 45/6 - 1. Calculate the greatest common factor of r and 35.
7
Let m = -368 - -612. Calculate the greatest common factor of m and 610.
122
Let o be 3/(-15)*2*-45. Suppose -3*z - 2*k + 9 = k, -4*k + 6 = z. Let g be (-1)/(z/36*-3). Calculate the greatest common divisor of o and g.
6
Let p(k) = k**3 - 10*k**2 + 8*k + 11. Let b be p(9). Let z be -3*((-28)/(-3))/b. Let s be (-203)/z - (-2)/4. What is the highest common divisor of s and 105?
15
Suppose -125*g + 132*g = 1092. What is the greatest common factor of g and 108?
12
Let v = 562 + -547. What is the greatest common factor of v and 15?
15
Let a be (1 - -7)*(-24)/(-16). Let f = a + -11. Suppose -3*y + 2 = -2*y. What is the greatest common divisor of f and y?
1
Suppose q = -2*q. Let z = 14 + -11. Suppose q = -5*a + z*a + 140. Calculate the greatest common divisor of 14 and a.
14
Suppose -5*l + 6744 = 9*j - 6*j, 2*j + 5404 = 4*l. Calculate the greatest common factor of 54 and l.
54
Let f be (12 + 0)/(7 - (-24)/(-4)). Suppose 5*n + 286 = 3*c, -5*n = 5*c - 3*c - 224. Let u = c + 30. What is the greatest common factor of f and u?
12
Suppose 5*i - 105 = 4*d, -4*i = -8*d + 6*d - 48. Let z be 21/5 - (24/d - 0). Calculate the highest common divisor of 2 and z.
1
Suppose -2*y - 35 = -26*v + 23*v, -5*v - 4*y + 73 = 0. What is the greatest common divisor of 247 and v?
13
Let n be 398/8*(6 + -2). Suppose 2*s - 7*s = 545. Let r = n + s. Calculate the greatest common factor of 10 and r.
10
Let f(o) = o**2 - 21*o + 122. Let y be f(10). What is the greatest common divisor of y and 8?
4
Let r be 176/(-11)*33/(-4). Calculate the highest common divisor of 44 and r.
44
Let d = 24 - 21. Let z(m) = -25*m - 3 + 16*m - 4 + d. Let c be z(-4). Calculate the highest common divisor of 16 and c.
16
Let b be 5 - (8 + -4)/2. Suppose 0 = 2*m + 2*k + k - 127, -5*m + 331 = b*k. Calculate the highest common factor of m and 17.
17
Suppose 4*o - 6 = 3*o. Let g be (470/(-3))/(o/(-9)). Suppose -l - g = -4*a, a - 3*l - 35 = 10. What is the highest common factor of a and 24?
12
Suppose 35*a - 7*a = 1260. Calculate the greatest common factor of 144 and a.
9
Suppose -5*v + 2*b = -322, 3*v - 68 = 2*v + 4*b. Suppose -20*h + 24*h - v = 0. What is the greatest common divisor of h and 160?
16
Suppose i + 4*h = -41, -75 = 5*i - 2*i - 4*h. Suppose 0 = -15*w + 32*w - 765. Let s = i + w. What is the greatest common divisor of 40 and s?
8
Let n = -4 + 13. Let v be (-6)/n*1197/(-6). Suppose o + 75 + 30 = 4*w, -3*o - v = -5*w. What is the greatest common divisor of 104 and w?
26
Let r(d) = -d + 8 + 6 - 2. Suppose -7*n + 30 = -2*n. Let x be r(n). What is the greatest common divisor of 3 and x?
3
Suppose a + 3 = -0*c - 4*c, 0 = a + c - 3. Suppose -a*v - 2 = 8. Let d be v - (-3 + 0) - -19. What is the greatest common divisor of 8 and d?
4
Let l be 650/38 - 34/323 - 8. Suppose 86 = r - d, -3 = -4*d + 1. Let j = 177 - r. What is the greatest common divisor of l and j?
9
Suppose -9*j - 105 + 150 = 0. Let q be (12/9)/(2/30). Let u = q - 10. Calculate the greatest common factor of j and u.
5
Suppose 4*t + 32 = -2*d, 12 + 0 = 3*d. Let v(u) = -u + 9. Let x be v(t). Let f(k) = 7*k + 12. Let g be f(1). Calculate the highest common divisor of g and x.
19
Let s(l) = 5*l - 8 + 3*l - l**3 - 9*l - 3*l**2. Let z be s(-4). Suppose 4*k - 239 = 1. What is the highest common divisor of z and k?
12
Suppose 3*h = 2*l - 3, -2*l + 4*h + 11 = 3*l. Suppose -n - 96 = -l*i - 4*n, 17 = i - 2*n. Calculate the highest common factor of 18 and i.
9
Let t be (87/(-2))/(1029/(-84) - -12). What is the highest common divisor of t and 36?
6
Suppose 0 = -138*o + 143*o - 25. Let f be (5 + 92/(-20))*o. What is the greatest common divisor of f and 22?
2
Suppose 4*x = -2*x + 288. Let v be (5 + 0)*(-72)/(-10). C